emainder when ((-3)/(-6))/(((-207)/2394)/(-23)) is divided by k?
31
Let z = 80 - 76. Suppose -z*v + 8*v = a - 43, -a - 2*v = -37. What is the remainder when a is divided by 19?
1
Suppose -2*h = -6*h - 4. What is the remainder when -2*(3 + h) + 62 is divided by 15?
13
Calculate the remainder when ((-984)/36)/(16/(-264)) is divided by 3.
1
Let k(l) = -l**2 + 33*l - 51. What is the remainder when 427 is divided by k(30)?
37
Suppose 37*o - 615 = 1161. What is the remainder when o is divided by 51/2*(-4)/(-6)?
14
Let u(v) = v**3 + 17*v**2 + 14*v - 22. Suppose 3*a = -r + 6*r + 71, -r - 10 = -2*a. What is the remainder when u(r) is divided by 6 + (-2)/(-2 + 0)?
3
Calculate the remainder when 781 is divided by ((-207)/92)/(-1 - (-9)/12).
7
Let i = -4 - -7. Let c(s) = -2*s - 19. Let x be c(-11). What is the remainder when 34/i + 2/x is divided by 5?
2
Let w = 1025 - 762. What is the remainder when 797 is divided by w?
8
Suppose 0*s = -5*s. Suppose s*w = -w + 7. Suppose n + 4*j - 2 + w = 0, 71 = 5*n - 4*j. What is the remainder when 40 is divided by n?
7
Let g = 195 - 135. Suppose 0 = 3*t - 45 - g. What is the remainder when t is divided by 6?
5
Suppose -4*p = 3*q + 45, 2*q + 3*p = 8*p - 7. Let r = 29 - q. Suppose -3*z + 4*w = -z - 24, -3*z + 2*w = -r. Calculate the remainder when 39 is divided by z.
11
Let y(i) = 6*i**2 + 2*i + 1. Let w be y(-1). Suppose -2*h = 2*n - 36, -2*h - 79 = 2*n - w*n. Let u = -3 + n. Calculate the remainder when 77 is divided by u.
17
Let x = 59 + -55. Let d = x - -32. Calculate the remainder when d is divided by 13.
10
Let p(o) = -3*o**3 + o. Let w be p(-1). Let n(d) = -3*d - 1 + 15*d - 1 - 2*d**w + d**2. What is the remainder when n(8) is divided by 11?
8
Let v = 146 - 120. What is the remainder when v is divided by 9?
8
Let f be (-3)/4*8/(-3). Suppose v = f*w + 3*v - 86, -4*v = -w + 18. What is the remainder when w is divided by 5 + -5 - (-20 + 0)?
18
Let s(g) = g. Let n be s(4). Let a(x) = x**2 - 2*x + 1. Let f be a(n). Suppose y + f = -3*l - l, y - l = 11. Calculate the remainder when y is divided by 5.
2
Let f(d) = 2*d**2 + 26*d + 17. What is the remainder when f(-15) is divided by 21?
14
Let p(q) = 313*q**2 + 15*q + 36. What is the remainder when p(-2) is divided by 97?
94
Suppose -u + r = -r - 15, u - 5*r = 18. Calculate the remainder when 116 is divided by u.
12
Let o be 1/4 - (-25)/(-4). Let p = 8 + o. Suppose -37 - 11 = -p*q. What is the remainder when 46 is divided by q?
22
Suppose -y - 92 = 3*y. Let l = y - -42. Calculate the remainder when 33 is divided by l.
14
Suppose -4*g - 4*w + 0*w = -4, 5*g = -w + 9. Suppose b = 2 + g. What is the remainder when (-2)/((-4)/2)*14 is divided by b?
2
Let q be (3/(-44) + (-18)/99)*-20. Suppose 0*a - 470 = -q*a. Calculate the remainder when a is divided by 16.
14
Suppose 3*k + 2*c = 23, -3*c = k - 2*c - 9. Suppose -k*y - 18 = s - 78, -4*s + 186 = 2*y. What is the remainder when s is divided by 7?
3
Suppose -25*x + 234 = -141. Let i = 5 + -3. Suppose i*z - 9 = 3. What is the remainder when x is divided by z?
3
Suppose 2*i + a = 2*a + 25, 4*i + 2*a - 54 = 0. Let j(n) = n**3 - 14*n**2 + 16*n + 12. What is the remainder when j(13) is divided by i?
12
Let z be 6/36 - (146/12 + 3). Calculate the remainder when 77 is divided by 1/(-5) - 198/z.
12
Let q be (10/(-4))/(1/(-2)). Suppose 4*i + 0*i = 20. Suppose q*f = k - i*k + 113, 4*k - 116 = -4*f. Calculate the remainder when k is divided by 11.
10
Let i = -230 + 299. Calculate the remainder when i is divided by 36.
33
What is the remainder when 61 is divided by (4 + -1)/((-6)/(-68))?
27
Suppose -5*t = 5*j + 10, 3*t + 2*j + 2 = j. Suppose t*q - 15 = 5*q, -q = -4*r + 143. Calculate the remainder when r is divided by 10.
5
Let h be 2 + (11 - (2 + -3)). Let f = 26 - h. What is the remainder when 340/6*(-273)/(-455) is divided by f?
10
Let y(k) = k**3 - 9*k**2 + 25*k - 9. What is the remainder when 46 is divided by y(5)?
14
Suppose 7*u - 219 = 103. Calculate the remainder when u is divided by 13.
7
Let d(c) = c**3 - 7*c**2 + 3*c - 5. Let m be 32/5 + 6/90*9. What is the remainder when 44 is divided by d(m)?
12
Let b = 13 - 10. Calculate the remainder when 21 - 0*(0 + -1) is divided by 50/(-5)*b/(-5).
3
Let q(c) = 7*c**2 - 4*c + 3. Suppose -4*w = w - 120. Let j = -16 + w. Calculate the remainder when q(2) is divided by j.
7
Let m be -2 - (-4 + -1) - 0. Suppose -m*p - 24 = -0*p. Calculate the remainder when (38/8)/((-2)/p) is divided by 11.
8
Let r = 3538 - 2468. Calculate the remainder when r is divided by 21.
20
Suppose h = 3*f - h - 106, 2*f - 2*h = 70. Let z = f - 23. Calculate the remainder when 21 is divided by z.
8
Suppose 2*f = 15*k - 12*k + 72, k = 4*f - 154. Let p = -132 + 209. Calculate the remainder when p is divided by f.
38
Suppose 4*c - 12 = 0, -5*d + 5*c + 17 = 52. Let r be 5909/4 + 3/(-12). Calculate the remainder when d/22 - r/(-77) is divided by 5.
4
Let j = -14 + 43. Suppose -2*q + j = 3. What is the remainder when 51 is divided by q?
12
Let l(s) = 2*s**3 - 22*s**2 + 21*s - 4. Let o(d) = -6*d + 1. Let j be o(-2). What is the remainder when j - -2*(-6)/4 is divided by l(10)?
4
Suppose 0*f - 190 = r - 5*f, 950 = -5*r + 4*f. Let m(g) = -3*g - 9. Calculate the remainder when 6/24 + r/(-8) is divided by m(-6).
6
Let l(g) = 24*g**2 + 4*g + 6. Calculate the remainder when l(-2) is divided by 38.
18
Suppose 1298 = 3*r + 41*n - 39*n, 5*r - 4*n - 2156 = 0. What is the remainder when r is divided by 23?
18
Let q(b) = b**3 + 6*b**2 - 4*b - 1. Let m be (-8)/(-36) - 25/(-9) - -20. Suppose 2*a - 7 = m. Calculate the remainder when q(-5) is divided by a.
14
Let k = 8 + -5. Suppose -4*c + k*c - 3 = 0. What is the remainder when (-2 - c/2)*-60 is divided by 11?
8
Suppose 0 = g - 5*g + 3*q + 123, 0 = 4*q + 20. What is the remainder when 121 is divided by g?
13
Suppose -11*d + 1776 = 13*d. Suppose 47 = c + c + 3*k, -c - 5*k + 34 = 0. What is the remainder when d is divided by c?
17
Suppose -j + 0*o + 77 = o, 5*j + 3*o - 389 = 0. Calculate the remainder when j is divided by 65.
14
Suppose 2*x - 3*c - 8 = 0, x - c = -2*x + 26. What is the remainder when x is divided by ((-5)/(-6) - (-48)/(-576))*8?
4
Suppose 462 = 3*z - 3*u, -7*z + 10*z - u - 456 = 0. Calculate the remainder when z is divided by 22.
19
Let w = -45 - -65. Let v = w + -32. Let o(b) = -2*b - 4. Calculate the remainder when o(v) is divided by 6.
2
Let u(a) = 2*a**3 + 9*a**2 - 10*a - 4. Let j be u(-7). Let c be 46/161 - (-4428)/(-14). Let y = j - c. What is the remainder when y is divided by 35?
32
Let j(m) = m**2 + 19*m + 36. Suppose 59 = -3*a + w - 0*w, 63 = -3*a - 3*w. What is the remainder when 109 is divided by j(a)?
53
Suppose 4*v + 3*l - 525 = 0, 228 = -5*v - 4*l + 885. Calculate the remainder when v is divided by 6.
3
What is the remainder when 41 is divided by (9/(-2))/((-1)/(-8)*-4)?
5
Let k be 2*(-2)/(-1)*(40 - 26). Let f = k - -24. What is the remainder when f is divided by 41?
39
Let c = -2960 - -2997. What is the remainder when 84 is divided by c?
10
Let o(z) = z**2 + 11*z - 10. Suppose n - 20 = 3*n. Let m = n + -2. Calculate the remainder when 4 is divided by o(m).
0
Let x(b) = -b**3 + 19*b**2 - 25*b - 24. Calculate the remainder when x(11) is divided by 12.
9
Calculate the remainder when 159 is divided by (-54)/(-6)*-1*-1.
6
Calculate the remainder when (-16)/(-2) - (0 + -489) is divided by 125.
122
Let q = 2495 - 2482. Calculate the remainder when 1532 is divided by q.
11
Let i(s) = s**2 - 10*s + 52. Calculate the remainder when i(9) is divided by 11.
10
Calculate the remainder when (-159)/(-2)*4/3 is divided by (2*3/9)/((-310)/(-13485)).
19
Suppose 17*v = 16*v + 8. What is the remainder when 44 is divided by v?
4
Let m(j) = j + 6. Let c be m(0). What is the remainder when (3 + 7)/(c/9) is divided by 4?
3
Suppose -2*w - 23 = 5. Let t = w + 17. Suppose -2*u = -t*h - 3, 5*h + 15 = 5*u - 0*h. Calculate the remainder when u is divided by 5.
1
Calculate the remainder when (-13)/39*55*-3 is divided by 28.
27
What is the remainder when 17 is divided by (-1743)/(-357) + 4/34?
2
Suppose 2*g - 2 = -6. Let z(u) = 2*u**3 - u**2 - u + 1. Let p be z(-2). Let d = g - p. Calculate the remainder when d is divided by 4.
3
Let c(w) = w**3 - 4*w**2 - 5*w + 3. Let r be c(5). Calculate